True
Is 991130059 a composite number?
True
Is 102935686883 composite?
False
Is 1408189903 a prime number?
False
Is 16611453077 composite?
False
Is 22636199161 a prime number?
True
Is 2273201257 a prime number?
False
Is 124287763 a composite number?
False
Is 169750333 a prime number?
False
Is 932567873 composite?
False
Is 9477876583 prime?
False
Is 100803545189 a prime number?
True
Is 137943081863 composite?
False
Is 4738988431 a composite number?
True
Is 58633696349 composite?
False
Is 126297461 a prime number?
False
Is 42240435767 composite?
False
Is 229776460321 a prime number?
True
Is 18991652227 a prime number?
True
Is 85057183 prime?
True
Is 451798493 composite?
True
Is 4274446303 prime?
False
Is 11238440099 a composite number?
False
Is 6720274627 a composite number?
True
Is 2103310933 prime?
False
Is 12916582447 a composite number?
False
Is 54505130599 a prime number?
True
Is 1121401091 a composite number?
False
Is 1575566497 a composite number?
False
Is 1373015713 prime?
False
Is 123153426163 composite?
False
Is 24657113389 a composite number?
False
Is 69025337 a composite number?
True
Is 52763481895 prime?
False
Is 594235793 prime?
False
Is 4422090493 a composite number?
False
Is 2662095419 a prime number?
False
Is 1385065711 composite?
True
Is 284944189 prime?
True
Is 3577572079 a prime number?
False
Is 5358460803 composite?
True
Is 3671951851 a composite number?
False
Is 2108831707 a prime number?
False
Is 32010913217 composite?
False
Is 179190572221 prime?
False
Is 403076899 a prime number?
True
Is 184322735 composite?
True
Is 6728734669 a prime number?
True
Is 11963965141 composite?
False
Is 35264284007 a composite number?
False
Is 26868477539 composite?
True
Is 117074514877 a composite number?
True
Is 364781873263 composite?
True
Is 9153923011 prime?
True
Is 994587707 a composite number?
False
Is 263013109 prime?
True
Is 1486324969 a prime number?
True
Is 38638608841 prime?
False
Is 1395259693 a composite number?
False
Is 12210913441 composite?
True
Is 90365638897 prime?
True
Is 9263030709 composite?
True
Is 38911857959 a prime number?
False
Is 3318611399 a composite number?
False
Is 25661877149 prime?
True
Is 1300636063 prime?
True
Is 84075029 prime?
True
Is 2249877961 composite?
True
Is 165470198 composite?
True
Is 159635657 a composite number?
False
Is 60324349913 a prime number?
False
Is 79853795633 a prime number?
True
Is 1084324369 a composite number?
False
Is 1560377867 composite?
False
Is 74417867 a prime number?
True
Is 215744897 prime?
True
Is 8264999261 a prime number?
False
Is 75504820903 prime?
False
Is 1114305343 a composite number?
False
Is 6513950579 a composite number?
True
Is 44005743553 a composite number?
False
Is 623035519 a composite number?
False
Is 1433584981 composite?
False
Is 2183251039 a prime number?
True
Is 1099468759 a prime number?
True
Is 9203026211 prime?
False
Is 1170038783 a composite number?
True
Is 100027475573 composite?
True
Is 1039425083 prime?
False
Is 43153313347 composite?
True
Is 4876544437 a composite number?
False
Is 279457223 a composite number?
False
Is 7253821667 a composite number?
False
Is 6130107163 a composite number?
True
Is 556235191 prime?
True
Is 13712415859 prime?
True
Is 1253406433 composite?
False
Is 24423516401 a composite number?
False
Is 41833988653 a prime number?
False
Is 128321106971 a composite number?
True
Is 4411139969 a prime number?
True
Is 74836378697 composite?
True
Is 2214692729 prime?
False
Is 1561305931 composite?
True
Is 16406594593 a prime number?
False
Is 12137138927 a prime number?
True
Is 231492781 a composite number?
True
Is 14280306637 a composite number?
False
Is 159864361873 a prime number?
False
Is 4517693531 composite?
True
Is 2758349621 prime?
False
Is 15226618219 a composite number?
False
Is 2400161633 prime?
False
Is 624599267 a prime number?
False
Is 784099255 a prime number?
False
Is 2365338167 prime?
True
Is 6104144227 a prime number?
False
Is 574400933 prime?
True
Is 6170664037 a composite number?
False
Is 392938191445 a composite number?
True
Is 43502251 a composite number?
True
Is 53620284958 composite?
True
Is 80029626283 prime?
True
Is 43212349111 a composite number?
False
Is 72570742747 composite?
False
Is 42267551647 a prime number?
True
Is 11622041099 a composite number?
False
Is 2740110617 composite?
True
Is 6615133289 a prime number?
True
Is 2110091191 composite?
True
Is 50844334127 a composite number?
True
Is 117072571697 composite?
True
Is 1927415759 a composite number?
False
Is 3505165199 a composite number?
False
Is 5694098041 a prime number?
False
Is 6262257257 a prime number?
True
Is 1310010691 a composite number?
True
Is 1796152811 composite?
False
Is 333440909 a prime number?
False
Is 155880871801 a prime number?
True
Is 316251751 a composite number?
True
Is 199669523 a composite number?
False
Is 25350288121 prime?
True
Is 43671232637 composite?
False
Is 251961103 prime?
True
Is 4352839321 a composite number?
True
Is 1555010773 prime?
False
Is 2817112622 a composite number?
True
Is 1427701409 composite?
True
Is 466735507 prime?
False
Is 143408861 prime?
False
Is 29327646209 prime?
True
Is 1413845087 a prime number?
True
Is 25363662217 composite?
False
Is 7307720171 a prime number?
True
Is 6620550037 composite?
True
Is 19908133891 composite?
True
Is 4493249933 a composite number?
False
Is 793141853 composite?
True
Is 47474990837 a prime number?
False
Is 9741352109 composite?
False
Is 16148713421 a prime number?
True
Is 269544474391 prime?
True
Is 24568756801 composite?
False
Is 786358787 a composite number?
False
Is 189649930321 prime?
False
Is 11310862109 composite?
True
Is 9812982547 prime?
True
Is 277522571 prime?
False
Is 331923157 a composite number?
False
Is 9289553761 prime?
True
Is 194039183307 prime?
False
Is 80872337089 prime?
True
Is 198202903 prime?
False
Is 210377993 composite?
True
Is 99824303 prime?
True
Is 6363772141 composite?
False
Is 26230577 prime?
False
Is 1361184661 prime?
False
Is 53167973653 a composite number?
True
Is 1431511451 a composite number?
False
Is 193936147 prime?
False
Is 20162680229 a prime number?
True
Is 2842890191 a prime number?
True
Is 2296225097 prime?
True
Is 7078266407 a composite number?
True
Is 807619 prime?
False
Is 160651861 a composite number?
False
Is 9956282143 composite?
False
Is 13271740517 composite?
True
Is 3309138719 a composite number?
True
Is 99781510579 prime?
True
Is 19601193407 a prime number?
True
Is 4840823749 prime?
False
Is 2856022823 a prime number?
False
Is 334052039 prime?
False
Is 6311473379 composite?
True
Is 233725483 prime?
True
Is 3252529901 composite?
False
Is 93875597099 a composite number?
True
Is 17292059177 prime?
True
Is 8885134919 a composite number?
False
Is 906701657 prime?
False
Is 5095764589 a composite number?
True
Is 115727767 a prime number?
False
Is 497645419 a prime number?
False
Is 2597082433 a composite number?
True
Is 5589382879 prime?
False
Is 3738729011 composite?
True
Is 16395621709 a composite number?
True
Is 41985175467 prime?
False
Is 1917967627 prime?
False
Is 41085920149 a prime number?
False
Is 18105154693 prime?
True
Is 117563903 prime?
False
Is 302981377 a prime number?
False
Is 41894219711 composite?
False
Is 393613609 a prime number?
True
Is 4034762077 prime?
False
Is 169797011 a composite number?
False
Is 1146166381 a prime number?
True
Is 2011277171 prime?
False
Is 7353315049 composite?
False
Is 14787352739 a composite number?
False
Is 22960762931 a prime number?
True
Is 5171794907 a composite number?
True
Is 49891785583 a composite number?
False
Is 37306079 a composite number?
True
Is 9762904597 prime?
False
Is 1464231179 a composite number?
False
Is 177809446291 prime?
True
Is 59631571 a prime number?
False
Is 7010856595 a composite number?
True
Is 2794106013 composite?
True
Is 28508647897 a prime number?
False
Is 984408097 composite?
True
Is 219329717 composite?
False
Is 73938283 a composite number?
True
Is 3492596869 prime?
False
Is 55991538703 composite?
False
Is 1406988181 prime?
True
Is 8397793133 prime?
True
Is 388324423 a composite number?
False
Is 591587081 prime?
True
Is 3079367803 prime?
True
Is 1232088353 prime?
True
Is 55777529999 a composite number?
False
Is 6263711551 a composite number?
True
Is